{"id":4037,"date":"2024-12-03T09:51:08","date_gmt":"2024-12-03T09:51:08","guid":{"rendered":"https:\/\/demo2wpopal.b-cdn.net\/diteck\/?page_id=4037"},"modified":"2025-10-20T06:53:50","modified_gmt":"2025-10-20T06:53:50","slug":"nase-usluge","status":"publish","type":"page","link":"https:\/\/pogs.hr\/index.php\/nase-usluge\/","title":{"rendered":"Na\u0161e usluge"},"content":{"rendered":"\t\t<div data-elementor-type=\"wp-page\" data-elementor-id=\"4037\" class=\"elementor elementor-4037\" data-elementor-post-type=\"page\">\n\t\t\t\t<div class=\"elementor-element elementor-element-d3e6d01 e-flex e-con-boxed e-con e-parent\" data-id=\"d3e6d01\" data-element_type=\"container\" data-settings=\"{&quot;background_background&quot;:&quot;classic&quot;}\">\n\t\t\t\t\t<div class=\"e-con-inner\">\n\t\t<div class=\"elementor-element elementor-element-4f8e3bc e-con-full e-flex e-con e-child\" data-id=\"4f8e3bc\" data-element_type=\"container\">\n\t\t\t\t<div class=\"elementor-element elementor-element-4a3873a icon-list-style-diteck-yes animated-fast elementor-icon-list--layout-traditional elementor-list-item-link-full_width elementor-invisible elementor-widget elementor-widget-icon-list\" data-id=\"4a3873a\" data-element_type=\"widget\" data-settings=\"{&quot;_animation&quot;:&quot;opal-scale-up&quot;}\" data-widget_type=\"icon-list.default\">\n\t\t\t\t\t\t\t<ul class=\"elementor-icon-list-items\">\n\t\t\t\t\t\t\t<li class=\"elementor-icon-list-item\">\n\t\t\t\t\t\t\t\t\t\t\t<span class=\"elementor-icon-list-icon\">\n\t\t\t\t\t\t\t<i aria-hidden=\"true\" class=\"diteck-icon- diteck-icon-square-1\"><\/i>\t\t\t\t\t\t<\/span>\n\t\t\t\t\t\t\t\t\t\t<span class=\"elementor-icon-list-text\">Usluge<\/span>\n\t\t\t\t\t\t\t\t\t<\/li>\n\t\t\t\t\t\t<\/ul>\n\t\t\t\t\t\t<\/div>\n\t\t\t\t<\/div>\n\t\t<div class=\"elementor-element elementor-element-7a9548f e-con-full e-flex e-con e-child\" data-id=\"7a9548f\" data-element_type=\"container\">\n\t\t\t\t<div class=\"elementor-element elementor-element-6c0e98b elementor-widget__width-inherit animated-fast elementor-invisible elementor-widget elementor-widget-heading\" data-id=\"6c0e98b\" data-element_type=\"widget\" data-settings=\"{&quot;_animation&quot;:&quot;opal-move-up&quot;}\" data-widget_type=\"heading.default\">\n\t\t\t\t\t<h2 class=\"elementor-heading-title elementor-size-default\">Pru\u017eamo cjelovite usluge u podru\u010dju ra\u010dunovodstva, poslovnog savjetovanja i upravljanja projektima.<\/h2>\t\t\t\t<\/div>\n\t\t\t\t<\/div>\n\t\t\t\t\t<\/div>\n\t\t\t\t<\/div>\n\t\t<div class=\"elementor-element elementor-element-d1e998a e-flex e-con-boxed e-con e-parent\" data-id=\"d1e998a\" data-element_type=\"container\">\n\t\t\t\t\t<div class=\"e-con-inner\">\n\t\t\t\t<div class=\"elementor-element elementor-element-f0c7263 animated-fast elementor-service-style-1 elementor-invisible elementor-widget elementor-widget-diteck-services\" data-id=\"f0c7263\" data-element_type=\"widget\" data-settings=\"{&quot;_animation&quot;:&quot;opal-move-up&quot;}\" data-widget_type=\"diteck-services.default\">\n\t\t\t\t<div class=\"elementor-widget-container\">\n\t\t\t\t\t        <div class=\"elementor-service-wrapper\">\n            <div class=\"d-grid\">\n                                                         <div class=\"grid-item service-item service-style-1\">\n                                            <div class=\"service-inner service-style-inner\">\n    <div class=\"service-content\">\n        <div class=\"icon-wrap\"><img decoding=\"async\" class=\"service-icon\" src=\"https:\/\/pogs.hr\/wp-content\/uploads\/2025\/10\/talk.svg\" alt=\"service icon\"><\/div>        <h3 class=\"service-title omega\"><a href=\"https:\/\/pogs.hr\/index.php\/services\/procjena-prihvatljivosti\/\">Procjena prihvatljivosti<\/a><\/h3>\n        <div class=\"description\">\n            Prije nego \u0161to zapo\u010dnete s pripremom projekta, va\u017eno je znati je li va\u0161a ideja uop\u0107e prihvatljiva za financiranje i podr\u0161ku. Na\u0161a usluga procjene prihvatljivosti uklju\u010duje:\r\n        <\/div>\n        <div class=\"service-content-bottom\">\n            <div class=\"service-more-link-wrap\">\n                <a class=\"service-more-link button-style\" href=\"https:\/\/pogs.hr\/index.php\/services\/procjena-prihvatljivosti\/\">\n                    <span class=\"elementor-button-icon\"><svg xmlns=\"http:\/\/www.w3.org\/2000\/svg\" width=\"32\" height=\"32\" viewBox=\"0 0 32 32\"><path class=\"btn-icon__icon\" d=\"M15.52 4.953c-.47.155-.904.523-1.125.956-.109.213-.128.327-.128.758 0 .43.019.546.131.773.101.206.87 1.009 3.384 3.533l3.253 3.266-7.438.014-7.437.014-.267.141a2.097 2.097 0 0 0-.831.834c-.109.213-.129.328-.129.758 0 .431.02.544.129.759.165.323.523.68.845.845l.253.129 7.437.014 7.438.014-3.253 3.266c-2.514 2.524-3.283 3.327-3.384 3.533-.112.227-.131.343-.131.773 0 .594.104.858.489 1.244.386.386.65.49 1.244.49.429 0 .547-.02.773-.131.391-.191 9.972-9.772 10.163-10.163.111-.226.131-.344.131-.773 0-.429-.02-.547-.131-.773-.103-.211-1.155-1.293-4.986-5.129-5.414-5.42-5.101-5.143-5.87-5.172-.235-.009-.487.003-.56.027\"><\/path><path class=\"btn-icon__icon\" d=\"M15.52 4.953c-.47.155-.904.523-1.125.956-.109.213-.128.327-.128.758 0 .43.019.546.131.773.101.206.87 1.009 3.384 3.533l3.253 3.266-7.438.014-7.437.014-.267.141a2.097 2.097 0 0 0-.831.834c-.109.213-.129.328-.129.758 0 .431.02.544.129.759.165.323.523.68.845.845l.253.129 7.437.014 7.438.014-3.253 3.266c-2.514 2.524-3.283 3.327-3.384 3.533-.112.227-.131.343-.131.773 0 .594.104.858.489 1.244.386.386.65.49 1.244.49.429 0 .547-.02.773-.131.391-.191 9.972-9.772 10.163-10.163.111-.226.131-.344.131-.773 0-.429-.02-.547-.131-.773-.103-.211-1.155-1.293-4.986-5.129-5.414-5.42-5.101-5.143-5.87-5.172-.235-.009-.487.003-.56.027\"><\/path><\/svg><\/span>\n                    <span class=\"elementor-button-text\" data-name=\"Learn More\"><span>Learn More<\/span><\/span>\n                <\/a>\n            <\/div>\n        <\/div>\n    <\/div>\n\n<\/div>\n                                        <\/div>\n                                                                                 <div class=\"grid-item service-item service-style-1\">\n                                            <div class=\"service-inner service-style-inner\">\n    <div class=\"service-content\">\n        <div class=\"icon-wrap\"><img decoding=\"async\" class=\"service-icon\" src=\"https:\/\/pogs.hr\/wp-content\/uploads\/2024\/11\/doctor-consultation.svg\" alt=\"service icon\"><\/div>        <h3 class=\"service-title omega\"><a href=\"https:\/\/pogs.hr\/index.php\/services\/savjetovanje-u-upravljanju-projektima\/\">Savjetovanje u upravljanju projektima<\/a><\/h3>\n        <div class=\"description\">\n            Prije nego \u0161to zapo\u010dnete s pripremom projekta, va\u017eno je znati je li va\u0161a ideja uop\u0107e prihvatljiva za financiranje i podr\u0161ku. Na\u0161a usluga procjene prihvatljivosti uklju\u010duje:        <\/div>\n        <div class=\"service-content-bottom\">\n            <div class=\"service-more-link-wrap\">\n                <a class=\"service-more-link button-style\" href=\"https:\/\/pogs.hr\/index.php\/services\/savjetovanje-u-upravljanju-projektima\/\">\n                    <span class=\"elementor-button-icon\"><svg xmlns=\"http:\/\/www.w3.org\/2000\/svg\" width=\"32\" height=\"32\" viewBox=\"0 0 32 32\"><path class=\"btn-icon__icon\" d=\"M15.52 4.953c-.47.155-.904.523-1.125.956-.109.213-.128.327-.128.758 0 .43.019.546.131.773.101.206.87 1.009 3.384 3.533l3.253 3.266-7.438.014-7.437.014-.267.141a2.097 2.097 0 0 0-.831.834c-.109.213-.129.328-.129.758 0 .431.02.544.129.759.165.323.523.68.845.845l.253.129 7.437.014 7.438.014-3.253 3.266c-2.514 2.524-3.283 3.327-3.384 3.533-.112.227-.131.343-.131.773 0 .594.104.858.489 1.244.386.386.65.49 1.244.49.429 0 .547-.02.773-.131.391-.191 9.972-9.772 10.163-10.163.111-.226.131-.344.131-.773 0-.429-.02-.547-.131-.773-.103-.211-1.155-1.293-4.986-5.129-5.414-5.42-5.101-5.143-5.87-5.172-.235-.009-.487.003-.56.027\"><\/path><path class=\"btn-icon__icon\" d=\"M15.52 4.953c-.47.155-.904.523-1.125.956-.109.213-.128.327-.128.758 0 .43.019.546.131.773.101.206.87 1.009 3.384 3.533l3.253 3.266-7.438.014-7.437.014-.267.141a2.097 2.097 0 0 0-.831.834c-.109.213-.129.328-.129.758 0 .431.02.544.129.759.165.323.523.68.845.845l.253.129 7.437.014 7.438.014-3.253 3.266c-2.514 2.524-3.283 3.327-3.384 3.533-.112.227-.131.343-.131.773 0 .594.104.858.489 1.244.386.386.65.49 1.244.49.429 0 .547-.02.773-.131.391-.191 9.972-9.772 10.163-10.163.111-.226.131-.344.131-.773 0-.429-.02-.547-.131-.773-.103-.211-1.155-1.293-4.986-5.129-5.414-5.42-5.101-5.143-5.87-5.172-.235-.009-.487.003-.56.027\"><\/path><\/svg><\/span>\n                    <span class=\"elementor-button-text\" data-name=\"Learn More\"><span>Learn More<\/span><\/span>\n                <\/a>\n            <\/div>\n        <\/div>\n    <\/div>\n\n<\/div>\n                                        <\/div>\n                                                                                 <div class=\"grid-item service-item service-style-1\">\n                                            <div class=\"service-inner service-style-inner\">\n    <div class=\"service-content\">\n        <div class=\"icon-wrap\"><img decoding=\"async\" class=\"service-icon\" src=\"https:\/\/pogs.hr\/wp-content\/uploads\/2024\/11\/task.svg\" alt=\"service icon\"><\/div>        <h3 class=\"service-title omega\"><a href=\"https:\/\/pogs.hr\/index.php\/services\/izrada-poslovnih-planova-i-projektnih-prijava\/\">Izrada poslovnih planova i projektnih prijava<\/a><\/h3>\n        <div class=\"description\">\n            Poma\u017eemo vam da svoje ideje preto\u010dite u konkretne planove spremne za provedbu i financiranje.        <\/div>\n        <div class=\"service-content-bottom\">\n            <div class=\"service-more-link-wrap\">\n                <a class=\"service-more-link button-style\" href=\"https:\/\/pogs.hr\/index.php\/services\/izrada-poslovnih-planova-i-projektnih-prijava\/\">\n                    <span class=\"elementor-button-icon\"><svg xmlns=\"http:\/\/www.w3.org\/2000\/svg\" width=\"32\" height=\"32\" viewBox=\"0 0 32 32\"><path class=\"btn-icon__icon\" d=\"M15.52 4.953c-.47.155-.904.523-1.125.956-.109.213-.128.327-.128.758 0 .43.019.546.131.773.101.206.87 1.009 3.384 3.533l3.253 3.266-7.438.014-7.437.014-.267.141a2.097 2.097 0 0 0-.831.834c-.109.213-.129.328-.129.758 0 .431.02.544.129.759.165.323.523.68.845.845l.253.129 7.437.014 7.438.014-3.253 3.266c-2.514 2.524-3.283 3.327-3.384 3.533-.112.227-.131.343-.131.773 0 .594.104.858.489 1.244.386.386.65.49 1.244.49.429 0 .547-.02.773-.131.391-.191 9.972-9.772 10.163-10.163.111-.226.131-.344.131-.773 0-.429-.02-.547-.131-.773-.103-.211-1.155-1.293-4.986-5.129-5.414-5.42-5.101-5.143-5.87-5.172-.235-.009-.487.003-.56.027\"><\/path><path class=\"btn-icon__icon\" d=\"M15.52 4.953c-.47.155-.904.523-1.125.956-.109.213-.128.327-.128.758 0 .43.019.546.131.773.101.206.87 1.009 3.384 3.533l3.253 3.266-7.438.014-7.437.014-.267.141a2.097 2.097 0 0 0-.831.834c-.109.213-.129.328-.129.758 0 .431.02.544.129.759.165.323.523.68.845.845l.253.129 7.437.014 7.438.014-3.253 3.266c-2.514 2.524-3.283 3.327-3.384 3.533-.112.227-.131.343-.131.773 0 .594.104.858.489 1.244.386.386.65.49 1.244.49.429 0 .547-.02.773-.131.391-.191 9.972-9.772 10.163-10.163.111-.226.131-.344.131-.773 0-.429-.02-.547-.131-.773-.103-.211-1.155-1.293-4.986-5.129-5.414-5.42-5.101-5.143-5.87-5.172-.235-.009-.487.003-.56.027\"><\/path><\/svg><\/span>\n                    <span class=\"elementor-button-text\" data-name=\"Learn More\"><span>Learn More<\/span><\/span>\n                <\/a>\n            <\/div>\n        <\/div>\n    <\/div>\n\n<\/div>\n                                        <\/div>\n                                                                                 <div class=\"grid-item service-item service-style-1\">\n                                            <div class=\"service-inner service-style-inner\">\n    <div class=\"service-content\">\n        <div class=\"icon-wrap\"><img decoding=\"async\" class=\"service-icon\" src=\"https:\/\/pogs.hr\/wp-content\/uploads\/2024\/11\/task-1.svg\" alt=\"service icon\"><\/div>        <h3 class=\"service-title omega\"><a href=\"https:\/\/pogs.hr\/index.php\/services\/vodenje-racunovodstva-za-udruge\/\">Vo\u0111enje ra\u010dunovodstva za udruge<\/a><\/h3>\n        <div class=\"description\">\n            Specijalizirani smo za knjigovodstvo neprofitnih organizacija i udruga.        <\/div>\n        <div class=\"service-content-bottom\">\n            <div class=\"service-more-link-wrap\">\n                <a class=\"service-more-link button-style\" href=\"https:\/\/pogs.hr\/index.php\/services\/vodenje-racunovodstva-za-udruge\/\">\n                    <span class=\"elementor-button-icon\"><svg xmlns=\"http:\/\/www.w3.org\/2000\/svg\" width=\"32\" height=\"32\" viewBox=\"0 0 32 32\"><path class=\"btn-icon__icon\" d=\"M15.52 4.953c-.47.155-.904.523-1.125.956-.109.213-.128.327-.128.758 0 .43.019.546.131.773.101.206.87 1.009 3.384 3.533l3.253 3.266-7.438.014-7.437.014-.267.141a2.097 2.097 0 0 0-.831.834c-.109.213-.129.328-.129.758 0 .431.02.544.129.759.165.323.523.68.845.845l.253.129 7.437.014 7.438.014-3.253 3.266c-2.514 2.524-3.283 3.327-3.384 3.533-.112.227-.131.343-.131.773 0 .594.104.858.489 1.244.386.386.65.49 1.244.49.429 0 .547-.02.773-.131.391-.191 9.972-9.772 10.163-10.163.111-.226.131-.344.131-.773 0-.429-.02-.547-.131-.773-.103-.211-1.155-1.293-4.986-5.129-5.414-5.42-5.101-5.143-5.87-5.172-.235-.009-.487.003-.56.027\"><\/path><path class=\"btn-icon__icon\" d=\"M15.52 4.953c-.47.155-.904.523-1.125.956-.109.213-.128.327-.128.758 0 .43.019.546.131.773.101.206.87 1.009 3.384 3.533l3.253 3.266-7.438.014-7.437.014-.267.141a2.097 2.097 0 0 0-.831.834c-.109.213-.129.328-.129.758 0 .431.02.544.129.759.165.323.523.68.845.845l.253.129 7.437.014 7.438.014-3.253 3.266c-2.514 2.524-3.283 3.327-3.384 3.533-.112.227-.131.343-.131.773 0 .594.104.858.489 1.244.386.386.65.49 1.244.49.429 0 .547-.02.773-.131.391-.191 9.972-9.772 10.163-10.163.111-.226.131-.344.131-.773 0-.429-.02-.547-.131-.773-.103-.211-1.155-1.293-4.986-5.129-5.414-5.42-5.101-5.143-5.87-5.172-.235-.009-.487.003-.56.027\"><\/path><\/svg><\/span>\n                    <span class=\"elementor-button-text\" data-name=\"Learn More\"><span>Learn More<\/span><\/span>\n                <\/a>\n            <\/div>\n        <\/div>\n    <\/div>\n\n<\/div>\n                                        <\/div>\n                                                                                 <div class=\"grid-item service-item service-style-1\">\n                                            <div class=\"service-inner service-style-inner\">\n    <div class=\"service-content\">\n        <div class=\"icon-wrap\"><img decoding=\"async\" class=\"service-icon\" src=\"https:\/\/pogs.hr\/wp-content\/uploads\/2024\/11\/invoice.svg\" alt=\"service icon\"><\/div>        <h3 class=\"service-title omega\"><a href=\"https:\/\/pogs.hr\/index.php\/services\/vodenje-racunovodstva-za-proracunske-korisnike\/\">Vo\u0111enje ra\u010dunovodstva za prora\u010dunske korisnike<\/a><\/h3>\n        <div class=\"description\">\n            Pru\u017eamo sveobuhvatnu ra\u010dunovodstvenu uslugu za \u0161kole, vrti\u0107e, ustanove i ostale prora\u010dunske korisnike.        <\/div>\n        <div class=\"service-content-bottom\">\n            <div class=\"service-more-link-wrap\">\n                <a class=\"service-more-link button-style\" href=\"https:\/\/pogs.hr\/index.php\/services\/vodenje-racunovodstva-za-proracunske-korisnike\/\">\n                    <span class=\"elementor-button-icon\"><svg xmlns=\"http:\/\/www.w3.org\/2000\/svg\" width=\"32\" height=\"32\" viewBox=\"0 0 32 32\"><path class=\"btn-icon__icon\" d=\"M15.52 4.953c-.47.155-.904.523-1.125.956-.109.213-.128.327-.128.758 0 .43.019.546.131.773.101.206.87 1.009 3.384 3.533l3.253 3.266-7.438.014-7.437.014-.267.141a2.097 2.097 0 0 0-.831.834c-.109.213-.129.328-.129.758 0 .431.02.544.129.759.165.323.523.68.845.845l.253.129 7.437.014 7.438.014-3.253 3.266c-2.514 2.524-3.283 3.327-3.384 3.533-.112.227-.131.343-.131.773 0 .594.104.858.489 1.244.386.386.65.49 1.244.49.429 0 .547-.02.773-.131.391-.191 9.972-9.772 10.163-10.163.111-.226.131-.344.131-.773 0-.429-.02-.547-.131-.773-.103-.211-1.155-1.293-4.986-5.129-5.414-5.42-5.101-5.143-5.87-5.172-.235-.009-.487.003-.56.027\"><\/path><path class=\"btn-icon__icon\" d=\"M15.52 4.953c-.47.155-.904.523-1.125.956-.109.213-.128.327-.128.758 0 .43.019.546.131.773.101.206.87 1.009 3.384 3.533l3.253 3.266-7.438.014-7.437.014-.267.141a2.097 2.097 0 0 0-.831.834c-.109.213-.129.328-.129.758 0 .431.02.544.129.759.165.323.523.68.845.845l.253.129 7.437.014 7.438.014-3.253 3.266c-2.514 2.524-3.283 3.327-3.384 3.533-.112.227-.131.343-.131.773 0 .594.104.858.489 1.244.386.386.65.49 1.244.49.429 0 .547-.02.773-.131.391-.191 9.972-9.772 10.163-10.163.111-.226.131-.344.131-.773 0-.429-.02-.547-.131-.773-.103-.211-1.155-1.293-4.986-5.129-5.414-5.42-5.101-5.143-5.87-5.172-.235-.009-.487.003-.56.027\"><\/path><\/svg><\/span>\n                    <span class=\"elementor-button-text\" data-name=\"Learn More\"><span>Learn More<\/span><\/span>\n                <\/a>\n            <\/div>\n        <\/div>\n    <\/div>\n\n<\/div>\n                                        <\/div>\n                                                                                 <div class=\"grid-item service-item service-style-1\">\n                                            <div class=\"service-inner service-style-inner\">\n    <div class=\"service-content\">\n        <div class=\"icon-wrap\"><img decoding=\"async\" class=\"service-icon\" src=\"https:\/\/pogs.hr\/wp-content\/uploads\/2024\/11\/book.svg\" alt=\"service icon\"><\/div>        <h3 class=\"service-title omega\"><a href=\"https:\/\/pogs.hr\/index.php\/services\/vodenje-poslovnih-knjiga-za-tvrtke\/\">Vo\u0111enje poslovnih knjiga za tvrtke<\/a><\/h3>\n        <div class=\"description\">\n            Na\u0161im klijentima u privatnom sektoru nudimo potpuno vo\u0111enje poslovnih knjiga uz maksimalnu diskreciju i to\u010dnost        <\/div>\n        <div class=\"service-content-bottom\">\n            <div class=\"service-more-link-wrap\">\n                <a class=\"service-more-link button-style\" href=\"https:\/\/pogs.hr\/index.php\/services\/vodenje-poslovnih-knjiga-za-tvrtke\/\">\n                    <span class=\"elementor-button-icon\"><svg xmlns=\"http:\/\/www.w3.org\/2000\/svg\" width=\"32\" height=\"32\" viewBox=\"0 0 32 32\"><path class=\"btn-icon__icon\" d=\"M15.52 4.953c-.47.155-.904.523-1.125.956-.109.213-.128.327-.128.758 0 .43.019.546.131.773.101.206.87 1.009 3.384 3.533l3.253 3.266-7.438.014-7.437.014-.267.141a2.097 2.097 0 0 0-.831.834c-.109.213-.129.328-.129.758 0 .431.02.544.129.759.165.323.523.68.845.845l.253.129 7.437.014 7.438.014-3.253 3.266c-2.514 2.524-3.283 3.327-3.384 3.533-.112.227-.131.343-.131.773 0 .594.104.858.489 1.244.386.386.65.49 1.244.49.429 0 .547-.02.773-.131.391-.191 9.972-9.772 10.163-10.163.111-.226.131-.344.131-.773 0-.429-.02-.547-.131-.773-.103-.211-1.155-1.293-4.986-5.129-5.414-5.42-5.101-5.143-5.87-5.172-.235-.009-.487.003-.56.027\"><\/path><path class=\"btn-icon__icon\" d=\"M15.52 4.953c-.47.155-.904.523-1.125.956-.109.213-.128.327-.128.758 0 .43.019.546.131.773.101.206.87 1.009 3.384 3.533l3.253 3.266-7.438.014-7.437.014-.267.141a2.097 2.097 0 0 0-.831.834c-.109.213-.129.328-.129.758 0 .431.02.544.129.759.165.323.523.68.845.845l.253.129 7.437.014 7.438.014-3.253 3.266c-2.514 2.524-3.283 3.327-3.384 3.533-.112.227-.131.343-.131.773 0 .594.104.858.489 1.244.386.386.65.49 1.244.49.429 0 .547-.02.773-.131.391-.191 9.972-9.772 10.163-10.163.111-.226.131-.344.131-.773 0-.429-.02-.547-.131-.773-.103-.211-1.155-1.293-4.986-5.129-5.414-5.42-5.101-5.143-5.87-5.172-.235-.009-.487.003-.56.027\"><\/path><\/svg><\/span>\n                    <span class=\"elementor-button-text\" data-name=\"Learn More\"><span>Learn More<\/span><\/span>\n                <\/a>\n            <\/div>\n        <\/div>\n    <\/div>\n\n<\/div>\n                                        <\/div>\n                                                    <\/div>\n\n        <\/div>\n                \t\t\t\t<\/div>\n\t\t\t\t<\/div>\n\t\t\t\t\t<\/div>\n\t\t\t\t<\/div>\n\t\t\t\t<\/div>\n\t\t","protected":false},"excerpt":{"rendered":"<p>Usluge Pru\u017eamo cjelovite usluge u podru\u010dju ra\u010dunovodstva, poslovnog savjetovanja i upravljanja projektima. Procjena prihvatljivosti Prije nego \u0161to zapo\u010dnete s pripremom projekta, va\u017eno je znati je li va\u0161a ideja uop\u0107e prihvatljiva za financiranje i podr\u0161ku. Na\u0161a usluga procjene prihvatljivosti uklju\u010duje: Learn More Savjetovanje u upravljanju projektima Prije nego \u0161to zapo\u010dnete s pripremom projekta, va\u017eno je znati [&hellip;]<\/p>\n","protected":false},"author":1,"featured_media":0,"parent":0,"menu_order":0,"comment_status":"closed","ping_status":"closed","template":"","meta":{"_seopress_robots_primary_cat":"","_seopress_titles_title":"","_seopress_titles_desc":"","_seopress_robots_index":"","iawp_total_views":34,"footnotes":""},"class_list":["post-4037","page","type-page","status-publish","hentry"],"_links":{"self":[{"href":"https:\/\/pogs.hr\/index.php\/wp-json\/wp\/v2\/pages\/4037","targetHints":{"allow":["GET"]}}],"collection":[{"href":"https:\/\/pogs.hr\/index.php\/wp-json\/wp\/v2\/pages"}],"about":[{"href":"https:\/\/pogs.hr\/index.php\/wp-json\/wp\/v2\/types\/page"}],"author":[{"embeddable":true,"href":"https:\/\/pogs.hr\/index.php\/wp-json\/wp\/v2\/users\/1"}],"replies":[{"embeddable":true,"href":"https:\/\/pogs.hr\/index.php\/wp-json\/wp\/v2\/comments?post=4037"}],"version-history":[{"count":16,"href":"https:\/\/pogs.hr\/index.php\/wp-json\/wp\/v2\/pages\/4037\/revisions"}],"predecessor-version":[{"id":8905,"href":"https:\/\/pogs.hr\/index.php\/wp-json\/wp\/v2\/pages\/4037\/revisions\/8905"}],"wp:attachment":[{"href":"https:\/\/pogs.hr\/index.php\/wp-json\/wp\/v2\/media?parent=4037"}],"curies":[{"name":"wp","href":"https:\/\/api.w.org\/{rel}","templated":true}]}}